ns digit of k?
6
Suppose -40*b + 36*b = -1272. Suppose 4*g - b = 230. What is the hundreds digit of g?
1
Let i = -3016 - -3072. Suppose -237 = 5*k - 2*h, 0*h + 46 = -k - h. Let w = k + i. What is the units digit of w?
9
Let o be (57/(-95))/(((-2)/(-10))/(-1)). Suppose 15 = o*f, 2*f - 31 = -w + 97. What is the hundreds digit of w?
1
Let f = 55 - 52. Suppose 0 = -i - p - f*p + 19, -p = -4. What is the hundreds digit of -3 + 1 + i*58?
1
What is the tens digit of (-5354)/(-11) - 378/(-1386)?
8
Let t be (-7 + 0)/((4/(-108))/1). Let x be t/(-36)*(-8)/6. Suppose 4*a = x*a - 18. What is the units digit of a?
6
Let n(r) = 3889*r + 314. What is the tens digit of n(3)?
8
Suppose -3*f - x = 3*x - 40, 0 = 3*f + 5*x - 38. Suppose -9*n = -20 - f. Suppose 5*u = -z + 4*z - 545, -u = n. What is the tens digit of z?
7
Let c be (-327 - (3 + -7))*-1. Suppose p + 0*p + 237 = 4*x, -2*x - 1141 = 5*p. Let b = p + c. What is the tens digit of b?
9
Let p = -12205 + 13087. What is the units digit of p?
2
Let u = 2553 - 2134. What is the hundreds digit of u?
4
Let n(x) = -x**3 + 23*x**2 + 36*x - 42. What is the units digit of n(22)?
4
Suppose 10*x - 45*x + 44248 = -57357. What is the hundreds digit of x?
9
Let k = -518 + 547. Let s = -38 + 75. Let i = s - k. What is the units digit of i?
8
Suppose 0 = 2*n - 11 - 1. What is the units digit of 36 + (4 - 48/n)?
2
What is the thousands digit of (-8 - -14)/((-1)/718*-1)?
4
Suppose 3*s + 3*p = 60963, -20329 = -s - 38*p + 33*p. What is the hundreds digit of s?
3
Suppose -7*t - 152 = -691. Suppose -72*k - 150 = -t*k. What is the tens digit of k?
3
Suppose -68*q - 35*q = 63*q - 740028. What is the thousands digit of q?
4
Let z(i) = 70*i**3 - 2*i**2 - 2*i - 2. Let v be z(-1). What is the hundreds digit of 6/(-24) - (-6)/(v/(-3255))?
2
Let a(k) = 17*k**3 + 10*k**3 - 5*k**2 - 18*k**3 - 23 + 7*k + k**2. What is the units digit of a(4)?
7
What is the thousands digit of ((-4)/8)/((-23)/129214)?
2
Suppose a - 16375 = 2*r, -109*a + 3*r + 81903 = -104*a. What is the thousands digit of a?
6
What is the hundreds digit of 295995/36 + -3 - ((-35)/60)/(-7)?
2
Let v = 56 + -55. Let h(o) = 66*o**3 - o**2 + 3*o - 3. Let r be h(v). Let i = r - -26. What is the units digit of i?
1
Let d = 332 + 8. Let q = 292 + d. What is the tens digit of q?
3
Let w(j) = -4*j**2 + 68*j + 17. Let a be w(17). Suppose -14 = -u - a, -3*d = -5*u - 4005. What is the thousands digit of d?
1
Let m = -307 + 460. Let b = -79 + m. What is the units digit of b?
4
Suppose 0 = -4*n - 20, 16*w + n + 1 = 15*w. Let i(v) = 125*v - 123. What is the tens digit of i(w)?
7
Suppose -7*k + k - 20100 = 0. Let a = k + 4947. Suppose -573 = 4*w - a. What is the units digit of w?
6
Suppose -4*o = -5*t + 50590, 0*t = -2*t - 4*o + 20264. What is the ten thousands digit of t?
1
Let f = -377 - -48. Let v = f - -919. What is the hundreds digit of v?
5
Let o(h) = 948*h**2 + 129*h + 292. What is the ten thousands digit of o(-6)?
3
Let d = -132 + 134. Suppose 2*f + 4*q - 217 - 309 = 0, f + q = 258. Suppose d*x = 2*v - 4*v + 124, -4*v + x + f = 0. What is the units digit of v?
3
Suppose 2*k - k - 5 = 0. Suppose 170 - 90 = -k*p. What is the hundreds digit of 16990/90 - (p/(-9) - 2)?
1
Suppose 56 = 4*u + 24. Suppose -u*p + 13*p = x - 289, p + 909 = 3*x. What is the hundreds digit of x?
3
What is the tens digit of 26/273*-28*(-8337)/2?
1
What is the units digit of 25/15 - (-239625)/81?
0
Let x be (-2)/(-3)*(-420)/(-8). Suppose 2*v + x = -327. Let i = 66 - v. What is the tens digit of i?
4
Let g = 4 + -2. Let i(k) = -4*k**2 - 151*k - 109. Let m be i(-37). Suppose -2*v + m*y = -104 - 48, -5*v + g*y + 389 = 0. What is the tens digit of v?
7
Let w = 1 - 1. Suppose -5*v - 8415 = -83*v - 7*v. Suppose w*y - v = -y. What is the units digit of y?
9
Let z(g) = 271*g**2 + 24*g - 3. What is the thousands digit of z(-7)?
3
Let t be -2*(-141)/(-12)*-2. Let k = t - 53. Let g(b) = 2*b**2 + 2*b + 14. What is the tens digit of g(k)?
7
Let b = 11455 + -4608. What is the tens digit of b?
4
Let n = 2571 + -5460. Let x = 4058 + n. What is the tens digit of x?
6
What is the hundreds digit of (1 + 1)/((-18)/(-29490*3))?
8
Suppose -370 = -2*s + 5*r, -1 = r + 1. Suppose -10*y + s = 2*y. What is the tens digit of y?
1
Suppose -13*w + 155 = 51. Suppose -w = -4*m, 5*m + 140 = -22*x + 24*x. What is the tens digit of x?
7
Let k be (-325 + -4)*(7 - 11). Suppose -c + k = 2*i + 3*i, -1055 = -4*i - 3*c. What is the hundreds digit of i?
2
Suppose g - 3*u = 12862, 1239*g - 1236*g - 4*u = 38566. What is the units digit of g?
0
Suppose 3*v - 5 = 5*y + 2, 4*v - 11 = 5*y. Suppose 0 = -c - 3 + v, 3*c - 953 = -5*q. What is the units digit of q?
0
Let q(h) = 39*h**2 - 46*h + 165. Let i(v) = -38*v**2 + 45*v - 165. Let a(u) = -4*i(u) - 3*q(u). What is the tens digit of a(6)?
7
Suppose 5*d + 14866 = f, -110*d = 3*f - 108*d - 44581. What is the ten thousands digit of f?
1
Let y be (-1 + -3)*(-27)/24*-18. Let z = 72 + y. What is the units digit of (z/2)/3*-146?
9
Let s be 135/63 - 4*(-3)/(-84). Suppose -4*n + 1900 = -3*z, s*n - 466 = n + 3*z. What is the units digit of n?
8
Let f = 14921 - 8321. Suppose 26*i - f = 6*i. What is the units digit of i?
0
Suppose 30*j + 46 = 29*j. Let h be (-8)/(-8) - (j + -1). Suppose -p + o = 4*o - h, -3*p + o + 194 = 0. What is the units digit of p?
3
Let m = -16 + 7. Let w(z) = 2*z + 20. What is the units digit of w(m)?
2
Let c(u) = u**3 - 12*u**2 - 3793*u - 156. What is the units digit of c(71)?
0
Let z = -121668 + 179747. What is the units digit of z?
9
Let h(k) = 9*k**2 + 3*k - 17. Let s be (-36)/(-30)*(30/9)/1. What is the tens digit of h(s)?
3
Let l(f) = -16*f + 6. Suppose -a - p - 4 = 0, 3*p - 6 - 14 = 5*a. Let v be l(a). Suppose -5*b + v = -3*b. What is the tens digit of b?
3
Let j(i) = -2*i**2 - 39*i - 93. What is the tens digit of j(-11)?
9
Let z(p) = 5*p + 25 + 18 + 17 + 12. What is the units digit of z(6)?
2
Let y be (-5570)/(-22) - (-2)/77*-7. Let i = y + -178. What is the units digit of i + -7 + 6 + -1 + -1?
2
Let s be (3712/174)/(2/3). Suppose s*k - 1863 = 9*k. What is the tens digit of k?
8
Let b = -809 + 1614. Suppose -b = -3*x - z, -921 = -5*x + 3*z + 402. Suppose x = 7*h + 8. What is the tens digit of h?
3
Let z = -477 + 472. What is the hundreds digit of (964/5)/((-2)/z)?
4
Let x = -3537 + 5572. Let l = -1393 + x. What is the hundreds digit of l?
6
Suppose 153*j = 135*j + 105084. What is the thousands digit of j?
5
Let n(f) = -12*f**2 - 44. Let p be n(13). Let l = -1070 - p. What is the hundreds digit of l?
0
Let j = -65 + 118. Suppose -7*q + 4*q = -4*h + 4, 5*q = 5*h - 5. Suppose -59 = -r + 5*d, -r - r - 3*d + j = q. What is the units digit of r?
4
Let w(c) = 4*c + 4 + 9 + 17*c**2 + c - 16 + c. Let x(k) = -k - 3. Let r be x(-5). What is the units digit of w(r)?
7
Suppose -4*z = 4*w - 16444 - 26200, 2*z = -3*w + 21327. What is the units digit of z?
6
Suppose 0*n - 3*a + 1917 = -3*n, 3*n + 1927 = a. Let s = 1076 + n. What is the hundreds digit of s?
4
Suppose -2*g = -5*o - 21, -g + 16 + 2 = -4*o. Let a = o - -5. Suppose -4*r + 99 = -0*t - t, -2*r + t + 47 = a. What is the tens digit of r?
2
Let n(h) = -h**2 - 6*h - 5. Let m be n(-6). Let b be ((-1)/m + (-30)/25)*0. Suppose b = 24*k - 25*k + 66. What is the tens digit of k?
6
What is the thousands digit of (2*(-5)/(-10))/(22/140052)?
6
Let t(i) = 734*i**2 + 391*i + 1924. What is the hundreds digit of t(-5)?
3
What is the units digit of ((-454)/8 - -1)/(23 + (-922)/40)?
5
Suppose -264 - 79 = -7*p. Suppose -64 = 3*a + 5*h, -2*h = 4*a - a + p. Let m = a - -17. What is the units digit of m?
4
Let g(n) = 10*n + 116. Let c be g(-11). Suppose -9380 = -c*j - 22*j. What is the units digit of j?
5
Let z be (-17)/136 + (-113)/(-8). Let h = 206 + z. What is the tens digit of h?
2
Suppose 14*l + 10 = 16*l. Suppose 4*p = -l*w + 612, -p + 0*w + w = -162. Suppose 227 + p = 7*h. What is the tens digit of h?
5
Let v(h) = h - 1. Let n be v(4). Let m be (1/n)/((-1)/42). Let a(d) = d**3 + 14*d**2 - 6*d + 6. What is the tens digit of a(m)?
9
Let n(k) = 10*k**2 + 68*k + 146. What is the thousands digit of n(-49)?
0
Suppose 18*g - 10732 - 6818 = 0. Let c = g - 596. What is the tens digit of c?
7
Let l(y) = y**3 + 5*y**2 - 6. Let j be l(-4). Suppose j = 2*m, -2*m + 260 = 2*